5)?
5
What is the units digit of (-19906)/(-14) + 26/182?
2
Let i be ((-84)/(-24))/((-2)/(-4)). Suppose 4*n - 173 = i. What is the units digit of ((-48)/(-40))/(2/n)?
7
Suppose 3*i = -4*o + 7874, 4*i + 82*o - 87*o - 10447 = 0. What is the thousands digit of i?
2
Let t(s) = 283*s + 26. What is the units digit of t(2)?
2
Let d(q) = 501*q + 171. What is the thousands digit of d(7)?
3
Let d(w) = 3*w + 20. Let u be d(-5). What is the units digit of (-2289)/(-15) + 2/u?
3
What is the tens digit of (5 + 0 - 5) + 85?
8
Let p = -5632 - -10696. What is the hundreds digit of p?
0
Let m be (4/(-2))/(-5 - -7). What is the units digit of 4/(m - 3/(-2))?
8
Suppose -4*q + 2244 = d, q - 5*d + 2244 = 5*q. What is the hundreds digit of q?
5
Suppose g + 4*u + 20 = 4*g, 0 = -4*g - u - 5. Suppose -3*f + 4*v + 108 = g, -3*f + v + 87 = -12. What is the units digit of f?
2
Let u(l) be the second derivative of l**5/20 - 2*l**4/3 + 4*l**3/3 - 3*l**2 - 12*l. Suppose a + 4 = 11. What is the units digit of u(a)?
1
Let d(s) = s**3 - 5*s**2 + 4*s - 64. What is the hundreds digit of d(16)?
8
Let u = -1167 + 1638. What is the units digit of u?
1
Suppose 16*g = 4*g - 4776. Let y = g + 686. What is the tens digit of y?
8
Let g = 246 + -45. What is the units digit of g?
1
Let h(d) = 58*d - 72. What is the tens digit of h(6)?
7
Let y = -359 + 427. What is the units digit of y?
8
Suppose 2722 - 14300 = -7*f. What is the tens digit of f?
5
Suppose 2*h + 175 = -5*p - 3*h, 0 = -5*p - h - 155. Let d = p - -26. What is the units digit of (d - -2)*(-292)/8?
3
What is the units digit of 555 + (1 + 2 - (-5)/(-1))?
3
Suppose 0 = -5*u + 11 + 9. Let g = u - 4. Suppose 5*l = -g*l + 270. What is the units digit of l?
4
Suppose 759 = 5*s - 106. What is the tens digit of s?
7
Let i(t) = t**3 + 10*t**2 + 13*t - 17. Let u(d) = 2*d**3 + 11*d**2 + 14*d - 16. Let h(n) = -3*i(n) + 2*u(n). What is the hundreds digit of h(10)?
1
Suppose j - 2*d - 38 = 5*j, 3*d - 27 = j. Let s(a) = -6*a + 20. What is the units digit of s(j)?
2
Let v be 2/(-6) + 104/24. Let k(c) = -3 - 1 + 4 + 3*c**2 + v*c. What is the tens digit of k(-3)?
1
Suppose 0 = 5*p - 2*w - 2443, -5*p + 5*w + 1972 + 483 = 0. What is the units digit of p?
7
Let s(o) = o**3 - 2*o + 1. Let k be s(2). Suppose 192 = -5*r - 2*a + 1134, 5*r - 935 = k*a. What is the units digit of r?
8
Let k(b) = b**3 - 7*b**2 + 6. Let d be k(7). Let j be d/(-8) - (-182)/8. Let c = j + 4. What is the units digit of c?
6
Let b(n) = -n**2 - 7*n + 7. Let u(z) = z**2 + 8*z - 8. Let d(k) = -4*b(k) - 3*u(k). Let a be 87/116 + (70/(-8) - -1). What is the tens digit of d(a)?
1
Suppose 4*d + 1933 = t, -4*t + 9859 - 2190 = 5*d. What is the units digit of t?
1
Let z = -34 - -35. What is the tens digit of z - -76 - (-2 + (-12)/(-4))?
7
Suppose 15*j + 4051 - 14896 = 0. What is the units digit of j?
3
Let q(c) be the second derivative of c**4/4 - 11*c**3/6 + 9*c**2/2 - 9*c. What is the units digit of q(5)?
9
Let v = -91 - -147. What is the units digit of (-10)/8 - (-10542)/v?
7
Suppose 5*v = 5*h - 5, 2*h + 3 - 4 = 3*v. What is the tens digit of 594/11*2/h?
5
Suppose -6*i - i - 7 = 0. Let n(d) = -55*d. What is the tens digit of n(i)?
5
Suppose -l = t - 5, -t = 4*l + 2*t - 17. Suppose -45 = -x + 3*g, 2*x - 5*g = -l*x + 194. What is the tens digit of x?
5
Suppose -3*z = -0*s - 3*s + 24, -20 = -3*s + 2*z. Suppose -s*f - 40 = -204. What is the units digit of f?
1
Let a be 1 + 31 + 2 + -3. Let h = -27 + a. What is the tens digit of ((-306)/27)/(h/(-18))?
5
Suppose 0*f - 2*f = 2*u - 14, f - 2 = 0. Suppose -u*q + 202 - 32 = 0. Let b = q - 16. What is the units digit of b?
8
Let a(f) = -21*f + 38. Let n be (-166)/18 - (-8)/36. What is the tens digit of a(n)?
2
Let n(q) = q**2 + 11*q + 26. Let k be n(-5). What is the tens digit of k/6*3/2*-45?
4
Suppose 6*m = -2*m. Suppose -2*p - 9 + 95 = -5*h, m = -2*p - 4*h + 68. Let l = p - 8. What is the tens digit of l?
3
Let i(l) = -3 + 9*l - l - 3 - 5. Let a be i(7). Suppose 0 = 3*v + d - 41, 3*v + 0*d + 3*d = a. What is the tens digit of v?
1
Let x = 243 - 163. What is the units digit of x?
0
What is the hundreds digit of (-28776)/(-231) + (2 - (-33)/(-21))?
1
Let t(x) = -4*x - 2. Let n = 6 - 8. Let c = -2 + n. What is the units digit of t(c)?
4
Let r(c) = -3*c**3 - c**2 - 2*c - 3. Let x be (-30)/(-9) + 2/(-6). Suppose -3*u + 6 = 4*w, x*u + 6*w - 9 = w. What is the tens digit of r(u)?
2
Let s(d) = -d**2 - d - 1. Let y be s(-3). Let l = 16 - y. Suppose -5 - l = -4*p. What is the units digit of p?
7
Suppose -32399 = -41*q + 28937. What is the hundreds digit of q?
4
Let n(r) = -r**3 + r**2 - 2*r + 118. Let l(j) = j**2 + 3*j. Let m be l(-3). What is the tens digit of n(m)?
1
Let o(d) = -d**2 + 8*d - 3. Let p be o(5). Suppose -2*u + 0*g + 146 = -3*g, -3*g - p = 0. What is the tens digit of u?
6
Let t = 35 + 594. What is the units digit of t?
9
Let r(x) = -x**2 - 8*x - 12. Let l be r(-5). Suppose l*i + 8 = 440. What is the hundreds digit of i?
1
Let g = 64 - 64. Suppose -2*n + 3*o = 2*n - 418, g = -3*o - 6. What is the tens digit of n?
0
Let g be 7004/10 - (-22)/(-55). Suppose 460 = 2*t + 2*y, t + y - g = -2*t. What is the tens digit of t?
3
Let s(w) = 74*w**2 + 19*w + 46. What is the units digit of s(-3)?
5
What is the tens digit of -11 - ((-8 - 562) + -2)?
6
Suppose -536 - 3309 = -5*z. Suppose 0 = 3*m - 4*n - z, -4*n + 1273 = 5*m - 2*n. What is the tens digit of m?
5
Suppose 0 = -3*f + 15, -f = 4*z - z - 71. Suppose 4*j - 28 = -4*v, 4*v - 4*j = 3 + 33. Let k = z - v. What is the units digit of k?
4
Let d be -1 + (6 + -4 - 1). Suppose -2*i - 60 = -5*a, 55 = 4*a - 3*i - d*i. What is the units digit of a?
0
Let t(o) = -2*o**3 - 2*o - 1. Let z be t(-1). Suppose 3*j + 173 = -5*g, 0 = -g + z*g - 4*j + 64. What is the units digit of g/(-2 - 0) + 2?
9
Let h(c) = -4*c + 8. Let r be h(-5). What is the tens digit of 5*(r/10 - -2)?
2
Let u = 128 + 8. Suppose -4*l - 2*q = u, -q - 116 = 5*l + 48. What is the tens digit of ((-40)/l)/((-2)/(-48))?
3
Let c be 119/21 + 1/3. Suppose 0 = c*g - 8*g + 24. What is the tens digit of (-1*3)/(g/(-100))?
2
Let v(d) be the third derivative of d**4/24 + d**3 + 5*d**2. Let h be v(7). Suppose 0 = -4*n - 3*y + y + 82, -n = -2*y - h. What is the units digit of n?
9
Suppose 4*f = -f + 33095. What is the units digit of f?
9
Let c be (-1)/((-1)/(-155)*5). Let w = c - -36. Let p(a) = a + 1. What is the units digit of p(w)?
6
Let t(d) = -d + 6. Let h be t(6). Suppose 6*r - r = h. Suppose -5*n + r*n = -120. What is the units digit of n?
4
Suppose 11*l - 903 = 8*l. What is the hundreds digit of l?
3
Suppose k + 180 = 2*b - 93, 0 = 5*b - k - 675. What is the units digit of b?
4
Let a = 10 + -38. Let s be a/(-21) + 1/(-3). What is the units digit of 3 + 4 - (0 + s)?
6
Let w be (-2)/(-4)*4 - 5. What is the units digit of -1 + w + (137 - 4)?
9
Let t = 8 - 14. Suppose -3*o + 3*g + 69 = 0, -2*o + g + 49 = -2*g. Let d = t + o. What is the units digit of d?
4
Let v = -239 + 280. What is the tens digit of v?
4
What is the tens digit of (-3)/15 + 81918/90?
1
Let j = -3818 - -6454. What is the thousands digit of j?
2
Suppose -4*d + 288 = -0*d. Suppose -d + 11 = -g. What is the units digit of g?
1
Let j be 7 + 1 + (-1 - 1). Suppose 0 = j*k - k + m - 506, -3*k = 5*m - 286. What is the units digit of k?
2
Suppose z + 5*j - 15 = 2*z, 2*z - 15 = -5*j. Suppose h + 0*h = 2*a - 11, h - 1 = z. Suppose a*p - 63 = 3*p. What is the units digit of p?
1
Let a(w) = -w**3 + 9*w**2 + 11*w - 5. Let t be a(10). Suppose 0*m + t*m = 135. Let z = 6 + m. What is the units digit of z?
3
Suppose i + 92 = -5*v, -4*i + 19 + 45 = -4*v. Let u = 20 + v. Suppose 25 + 25 = u*w. What is the tens digit of w?
2
Let d = 253 + -403. What is the units digit of d/(-4) - ((-28)/8 + 4)?
7
Let f(q) = -3*q + 2*q + 104 - 60. Let c be f(0). Suppose 5*d - 239 + c = 0. What is the units digit of d?
9
Let n(i) = i**3 + 5*i**2 + 7. Let l be n(-5). Suppose 0 = 2*q - 5 - l. Suppose q + 2 = 4*s. What is the units digit of s?
2
Let n(i) = -7*i**2 - 7*i - 5. Let d(m) = 20*m**2 + 20*m + 14. Let q(z) = 3*d(z) + 8*n(z). What is the tens digit of q(-2)?
1
Suppose -3*m + i - 38 = 5*i, 0 = -4*m - 2*i - 54. Let s be -2 - (m + 2/1). Suppose s + 11 = z. What is the units digit of z?
1
Let r(x) = -x**3 - 10*x**2 - 9*